315 and 118944?
63
Calculate the highest common factor of 59 and 88441.
59
Calculate the highest common factor of 11557 and 273.
91
What is the highest common factor of 2549 and 619?
1
What is the greatest common divisor of 114 and 15086?
38
Calculate the highest common factor of 1165 and 39377.
233
Calculate the greatest common factor of 3285 and 8595.
45
Calculate the greatest common factor of 69 and 102810.
69
What is the greatest common divisor of 18901 and 7376?
461
What is the greatest common factor of 106956 and 36?
36
What is the highest common divisor of 6981373 and 2023?
2023
What is the highest common factor of 114774 and 74?
74
Calculate the highest common divisor of 1264579 and 657.
73
What is the highest common divisor of 1941477 and 456?
57
What is the greatest common divisor of 1046043 and 1917?
639
What is the highest common divisor of 71865 and 4185?
45
What is the greatest common divisor of 2247 and 4515?
21
Calculate the highest common factor of 3136 and 3200.
64
What is the greatest common factor of 89088 and 4672?
64
What is the highest common divisor of 128 and 1784?
8
Calculate the greatest common divisor of 423095 and 555.
185
What is the greatest common factor of 63873 and 104643?
1359
Calculate the highest common factor of 84033 and 9.
9
What is the highest common factor of 20391 and 432095?
971
Calculate the greatest common factor of 31756 and 119.
17
What is the greatest common divisor of 8655 and 255?
15
What is the greatest common factor of 29548 and 6230?
178
What is the highest common divisor of 10530 and 233870?
130
What is the greatest common factor of 633 and 3?
3
Calculate the greatest common divisor of 56 and 6712.
8
What is the greatest common factor of 33571 and 52917?
569
Calculate the highest common divisor of 247164 and 18.
6
What is the highest common divisor of 106398 and 3588?
138
Calculate the greatest common divisor of 1338 and 3393168.
1338
Calculate the highest common divisor of 5141 and 18762.
53
Calculate the greatest common divisor of 60066 and 2961.
423
Calculate the greatest common divisor of 97 and 141.
1
What is the highest common factor of 198253 and 2948?
737
What is the greatest common divisor of 1239 and 43722?
21
Calculate the greatest common factor of 56 and 325878.
14
What is the highest common factor of 697970 and 10?
10
Calculate the highest common divisor of 350338 and 470.
94
Calculate the highest common factor of 128 and 15296.
64
Calculate the greatest common divisor of 15264 and 1044.
36
What is the greatest common divisor of 822 and 310305?
411
Calculate the highest common factor of 96873 and 735.
147
What is the highest common factor of 5687 and 3337?
47
What is the greatest common divisor of 561 and 2673?
33
Calculate the highest common divisor of 3747 and 78.
3
Calculate the highest common factor of 710 and 2880.
10
Calculate the highest common divisor of 294 and 31360.
98
Calculate the highest common factor of 44 and 84205.
11
Calculate the greatest common factor of 1164 and 1035572.
388
Calculate the highest common divisor of 437951 and 107.
107
What is the greatest common divisor of 46 and 177790?
46
Calculate the greatest common divisor of 104 and 24401.
13
Calculate the greatest common factor of 7348 and 835.
167
Calculate the highest common factor of 40365 and 29003.
299
Calculate the highest common factor of 10701 and 31581.
261
What is the greatest common factor of 873048 and 528?
264
What is the greatest common divisor of 965 and 1523735?
965
What is the greatest common factor of 6295158 and 108?
54
What is the highest common factor of 9 and 121224?
3
Calculate the greatest common factor of 3654 and 62874.
126
Calculate the greatest common factor of 477746 and 58.
58
What is the greatest common factor of 53 and 437674?
53
Calculate the greatest common factor of 55690 and 10.
10
What is the highest common factor of 17812 and 244?
244
What is the greatest common divisor of 37146 and 26322?
246
Calculate the highest common factor of 73365 and 10439.
73
Calculate the greatest common divisor of 8465 and 25.
5
What is the greatest common factor of 3029808 and 119?
17
What is the greatest common divisor of 61400 and 320?
40
What is the highest common divisor of 319 and 23084?
29
Calculate the highest common divisor of 122889 and 274.
137
What is the greatest common divisor of 3127849 and 41?
41
Calculate the greatest common factor of 265472 and 17.
17
Calculate the highest common factor of 4669 and 4144.
7
Calculate the greatest common divisor of 35 and 1145.
5
Calculate the greatest common divisor of 3112 and 1352.
8
Calculate the highest common divisor of 1508 and 236.
4
What is the greatest common factor of 1666 and 20978?
34
Calculate the highest common factor of 74043 and 4959.
171
Calculate the highest common factor of 200 and 306200.
200
What is the greatest common divisor of 9 and 423837?
9
Calculate the greatest common divisor of 1244477 and 1131.
377
What is the highest common divisor of 29554 and 140?
14
What is the highest common factor of 32878 and 119?
17
What is the highest common factor of 1195708 and 380?
76
Calculate the highest common divisor of 2412 and 611844.
804
Calculate the highest common divisor of 14791 and 329.
7
Calculate the greatest common factor of 6 and 164721.
3
Calculate the greatest common divisor of 1896 and 29625.
237
What is the highest common divisor of 13656 and 16?
8
What is the greatest common factor of 81 and 507?
3
What is the highest common factor of 820 and 280?
20
Calculate the highest common factor of 30 and 19906230.
30
Calculate the highest common divisor of 452 and 648.
4
Calculate the highest common factor of 6699 and 580.
29
What is the greatest common divisor of 1162 and 5561?
83
What is the highest common divisor of 27056 and 25042?
38
Calculate the greatest common divisor of 20554 and 51514.
86
What is the greatest common factor of 1471840 and 280?
40
What is the greatest common factor of 9 and 98784?
9
Calculate the greatest common factor of 10 and 91895.
5
What is the highest common divisor of 25126 and 442?
34
What is the highest common divisor of 504 and 45652?
4
What is the greatest common divisor of 3464 and 31609?
433
What is the greatest common factor of 1044 and 4752?
36
Calculate the highest common factor of 14722 and 1258.
34
What is the greatest common factor of 39 and 333?
3
Calculate the greatest common divisor of 143959 and 359.
359
Calculate the greatest common divisor of 8398 and 6409.
221
Calculate the highest common factor of 1984 and 4.
4
Calculate the greatest common factor of 5068154 and 13.
13
What is the highest common factor of 44068 and 35696?
92
What is the highest common divisor of 324 and 77220?
108
Calculate the highest common factor of 4977 and 297.
9
What is the greatest common divisor of 2080 and 26260?
260
Calculate the greatest common factor of 2275 and 558285.
455
Calculate the greatest common factor of 5 and 929.
1
What is the greatest common divisor of 3790 and 4050?
10
Calculate the highest common factor of 23618 and 15239.
49
Calculate the highest common divisor of 63 and 102123.
63
What is the highest common divisor of 3184 and 7363?
199
What is the greatest common factor of 1359 and 4681?
151
Calculate the greatest common divisor of 3 and 8851.
1
Calculate the highest common divisor of 14184 and 610700.
788
What is the greatest common factor of 6265 and 73211?
179
Calculate the highest common factor of 372253 and 49.
49
What is the greatest common divisor of 53 and 77009?
53
What is the highest common factor of 8 and 257528?
8
What is the greatest common divisor of 1141 and 35?
7
Calculate the highest common factor of 16750 and 4750.
250
Calculate the highest common factor of 118296 and 1953.
279
Calculate the greatest common divisor of 304984 and 9112.
536
Calculate the highest common factor of 106014 and 6.
6
What is the greatest common factor of 3722115 and 15?
15
Calculate the highest common factor of 441 and 2439.
9
What is the greatest common divisor of 4215 and 53085?
15
What is the highest common factor of 130 and 287820?
130
Calculate the highest common factor of 24101 and 693.
77
What is the greatest common divisor of 154 and 72490?
22
Calculate the highes